{"id":17,"date":"2026-01-20T16:33:15","date_gmt":"2026-01-20T16:33:15","guid":{"rendered":"https:\/\/fireandmemory.com\/?page_id=17"},"modified":"2026-01-20T16:36:35","modified_gmt":"2026-01-20T16:36:35","slug":"programmes-de-recherche","status":"publish","type":"page","link":"https:\/\/fireandmemory.com\/index.php\/programmes-de-recherche\/","title":{"rendered":"Programmes de recherche"},"content":{"rendered":"\n<h1 class=\"wp-block-heading\"><strong>Cycles de recherche<\/strong><\/h1>\n\n\n\n<p>Les ouvrages \u00e0 venir s\u2019inscrivent dans des cycles th\u00e9matiques et chronologiques longs.<\/p>\n\n\n\n<h2 class=\"wp-block-heading\"><strong>Cycle Transatlantique (XIX\u1d49 si\u00e8cle)<\/strong> <\/h2>\n\n\n\n<p><strong>P\u00e9rim\u00e8tre :<\/strong> \u00c9tats-Unis (New York, Charleston) \/ Europe. <\/p>\n\n\n\n<p><strong>Objet :<\/strong> Comparaison des mod\u00e8les urbains et des cultures du feu \u00e0 l&#8217;\u00e8re industrielle. <\/p>\n\n\n\n<p><strong>Sources :<\/strong> Archives municipales, presse, rapports annuels. <strong>Statut :<\/strong> <em>R\u00e9daction &amp; Consolidation.<\/em><\/p>\n\n\n\n<p>Les travaux issus de ce cycle sont destin\u00e9s \u00e0 \u00eatre publi\u00e9s au sein de <em>Fire &amp; Memory Editions<\/em>.<\/p>\n\n\n\n<hr class=\"wp-block-separator has-alpha-channel-opacity\"\/>\n\n\n\n<h2 class=\"wp-block-heading\"><strong>Cycle Germanique<\/strong> <\/h2>\n\n\n\n<p><strong>P\u00e9rim\u00e8tre :<\/strong> \u00c9tats allemands, Bavi\u00e8re. <\/p>\n\n\n\n<p><strong>Objet :<\/strong> \u00c9tude de la culture technique en Europe centrale. Analyse comparative avec les mod\u00e8les anglo-am\u00e9ricains (discipline, \u00e9quipement, autorit\u00e9 municipale). <\/p>\n\n\n\n<p><strong>Statut :<\/strong> <em>Recherche documentaire.<\/em><\/p>\n\n\n\n<p>Les travaux issus de ce cycle sont destin\u00e9s \u00e0 \u00eatre publi\u00e9s au sein de <em>Fire &amp; Memory Editions<\/em>.<\/p>\n\n\n\n<hr class=\"wp-block-separator has-alpha-channel-opacity\"\/>\n\n\n\n<h2 class=\"wp-block-heading\"><strong>Cycle Oc\u00e9an Indien<\/strong> <\/h2>\n\n\n\n<p><strong>P\u00e9rim\u00e8tre :<\/strong> La R\u00e9union, Maurice, Archipels connexes. <\/p>\n\n\n\n<p><strong>Objet :<\/strong> Histoires locales et biographies comme r\u00e9v\u00e9lateurs des structures sociales et coloniales. <\/p>\n\n\n\n<p><strong>Statut :<\/strong> <em>Exploration.<\/em><\/p>\n\n\n\n<p>Les travaux issus de ce cycle sont destin\u00e9s \u00e0 \u00eatre publi\u00e9s au sein de <em>Association des amis du mus\u00e9e des sapeurs-pompiers de La R\u00e9union et de l&#8217;oc\u00e9an Indien<\/em>.<\/p>\n","protected":false},"excerpt":{"rendered":"<p>Cycles de recherche Les ouvrages \u00e0 venir s\u2019inscrivent dans des cycles th\u00e9matiques et chronologiques longs. Cycle Transatlantique (XIX\u1d49 si\u00e8cle) P\u00e9rim\u00e8tre : \u00c9tats-Unis (New York, Charleston) \/ Europe. Objet : Comparaison des mod\u00e8les urbains et des cultures du feu \u00e0 l&#8217;\u00e8re industrielle. Sources : Archives municipales, presse, rapports annuels. Statut : R\u00e9daction &amp; Consolidation. Les travaux&#8230;<\/p>\n","protected":false},"author":1,"featured_media":0,"parent":0,"menu_order":0,"comment_status":"closed","ping_status":"closed","template":"","meta":{"_kad_post_transparent":"","_kad_post_title":"","_kad_post_layout":"","_kad_post_sidebar_id":"","_kad_post_content_style":"","_kad_post_vertical_padding":"","_kad_post_feature":"","_kad_post_feature_position":"","_kad_post_header":false,"_kad_post_footer":false,"_kad_post_classname":"","footnotes":""},"class_list":["post-17","page","type-page","status-publish","hentry"],"_links":{"self":[{"href":"https:\/\/fireandmemory.com\/index.php\/wp-json\/wp\/v2\/pages\/17","targetHints":{"allow":["GET"]}}],"collection":[{"href":"https:\/\/fireandmemory.com\/index.php\/wp-json\/wp\/v2\/pages"}],"about":[{"href":"https:\/\/fireandmemory.com\/index.php\/wp-json\/wp\/v2\/types\/page"}],"author":[{"embeddable":true,"href":"https:\/\/fireandmemory.com\/index.php\/wp-json\/wp\/v2\/users\/1"}],"replies":[{"embeddable":true,"href":"https:\/\/fireandmemory.com\/index.php\/wp-json\/wp\/v2\/comments?post=17"}],"version-history":[{"count":3,"href":"https:\/\/fireandmemory.com\/index.php\/wp-json\/wp\/v2\/pages\/17\/revisions"}],"predecessor-version":[{"id":20,"href":"https:\/\/fireandmemory.com\/index.php\/wp-json\/wp\/v2\/pages\/17\/revisions\/20"}],"wp:attachment":[{"href":"https:\/\/fireandmemory.com\/index.php\/wp-json\/wp\/v2\/media?parent=17"}],"curies":[{"name":"wp","href":"https:\/\/api.w.org\/{rel}","templated":true}]}}